e factors of s.
11
Let d(t) be the first derivative of -1/3*t**3 - 2*t**2 + 7*t + 2. List the prime factors of d(-5).
2
Suppose 0 = 2*z + 3*z - 735. What are the prime factors of z?
3, 7
Let h = 91 + -53. What are the prime factors of h?
2, 19
Let t be (-10)/(-25) + (-72)/5. Let m(i) = 2*i**2 - 3*i + 2. Let x be m(-3). Let b = t + x. What are the prime factors of b?
3, 5
Let l(u) = u**2 - 16. List the prime factors of l(-12).
2
Let x = -4 - 15. Let c = x + 31. What are the prime factors of c?
2, 3
Suppose 0 = 7*g + g - 1176. What are the prime factors of g?
3, 7
Let b = 0 + 3. Let y = 6 + b. List the prime factors of y.
3
Let g(i) = -i**2 + 8*i + 4. Let f(v) = -2*v**2 + 15*v + 9. Let z(y) = -3*f(y) + 5*g(y). Let h be z(7). Let t = h + 3. What are the prime factors of t?
2, 5
Suppose 0 = -5*j + 6*j + 14. What are the prime factors of (-64)/(-10) - j/(-35)?
2, 3
Suppose 2*q - 3*q - x = -15, -4*q = -x - 50. Let r = q - 9. Suppose -s - r = -12. What are the prime factors of s?
2
Suppose 2*g = -3*z + 6, 4*z + 0*g - 9 = -3*g. Suppose 0 = k - 2. Suppose z = -2*y + 5*u + 35, 0*y + 31 = k*y - u. What are the prime factors of y?
3, 5
Suppose -2*c + 3*a = -22, 0 = 4*c - 9*c - 4*a + 9. Suppose c*x - 120 - 10 = -5*r, -4*x + 3*r + 118 = 0. List the prime factors of (-1)/(-4) + 497/x.
2, 3
Suppose 0 = -2*u + 4. Suppose 0 = -u*v + 6*v - 4. Suppose 0 = 2*n - v - 3. What are the prime factors of n?
2
Let p = 11 - 14. Let y = 0 - p. What are the prime factors of y?
3
Suppose c = 2*c + m + 1, 4*m = c - 9. Let i(l) = 6*l**2 + l - 1. List the prime factors of i(c).
2, 3
List the prime factors of ((-8)/10)/(16/(-1240)).
2, 31
Suppose 7*b = 3*b. Suppose 0 = 3*v - 4*x - b*x - 117, -3*x = -9. Suppose 2*g - v = -g + u, -2*g - 5*u + 6 = 0. What are the prime factors of g?
13
Suppose 8*c = 13*c - 25. Suppose c*d + 3*n - 128 = 18, 2*d - n = 54. What are the prime factors of d?
2, 7
Suppose 15*s - 21*s = -324. List the prime factors of s.
2, 3
Suppose 23*f = 21*f + 112. List the prime factors of f.
2, 7
Suppose -52 = -s + 21. What are the prime factors of s?
73
Suppose 3*d + 0*h = 4*h + 118, 2*h = -4*d + 194. List the prime factors of d.
2, 23
Let x(d) = -2*d**2 - 3*d - 4. Let q(w) = 5*w**2 + 6*w + 9. Let s(r) = 3*q(r) + 7*x(r). Let v be s(3). What are the prime factors of (-1 - 2) + 7 - v?
5
Let x(n) = 2*n + 5. Let c(i) = 6*i + 14. Let g(a) = 6*c(a) - 17*x(a). Let y be g(5). What are the prime factors of (22/6)/(3/y)?
11
Suppose 14 + 10 = 4*l. What are the prime factors of ((-21)/l)/(1/(-2))?
7
Let l = -8 - -7. Let f be 3 - (3 + 0/l). Suppose f = -4*v + 16, 0*w - 38 = -3*w - 5*v. List the prime factors of w.
2, 3
Let y(h) = -15*h + 2. Let n be y(4). Let r = n - -98. Suppose 5*w - r = w. List the prime factors of w.
2, 5
Suppose -437 = 8*n - 85. Let l(x) = -x**2 - 6*x + 1. Let v be l(-6). List the prime factors of n/(-3) + v/3.
3, 5
Let z = -174 - -278. List the prime factors of z.
2, 13
Suppose 3*b - 50 = 5*b. Let x = b - -38. What are the prime factors of x?
13
Let s(o) = 4*o - o - 16*o + 7*o - 1. What are the prime factors of s(-1)?
5
Let x = 48 + -22. Let i(p) = -p - 6. Let g be i(-8). Suppose 3*y + g = m, 0*y - 5*y + x = 2*m. List the prime factors of m.
2
Suppose -2*q - 3*q = 0. Suppose -a + 4 = -q*a. What are the prime factors of a?
2
Suppose -2 = -4*j - 6, -4*j + 4 = 2*z. What are the prime factors of z?
2
Let b = 7 - -11. What are the prime factors of 135/b*48/10?
2, 3
What are the prime factors of (2/3 - (-5)/(-30))*210?
3, 5, 7
What are the prime factors of 1655/15 + 2 + (-12)/9?
3, 37
Let a(r) = 2*r**2 + 9*r - 6. What are the prime factors of a(-8)?
2, 5
Let y be -2*57*2/(-4). Suppose -3*j = -4*m + 2*m - 44, -m - y = -4*j. What are the prime factors of (-3)/(-9) - j/(-3)?
5
Let z(m) = 2*m - 4. Suppose -2*g = -g. Suppose g = 2*s + u + 2 - 19, -s + 4*u = 14. List the prime factors of z(s).
2
Suppose -5*z + 4*j = -899, 3*j - j = -z + 177. What are the prime factors of z?
179
Let u be ((-3)/(-2))/((-6)/(-8)). Suppose u*q + 2 + 4 = 2*c, 0 = -3*c + 5*q + 9. What are the prime factors of c?
3
Suppose -107 = -5*o + 123. List the prime factors of o.
2, 23
Let o(y) = 6*y - 6. Let k be 8/(-28) + (-111)/(-21). What are the prime factors of o(k)?
2, 3
Let i(s) = s**2 + 16*s - 8. Let r(l) = l**2 + l - 1. Let b(z) = i(z) - 2*r(z). What are the prime factors of b(9)?
3, 13
Let a = -52 - -115. List the prime factors of a.
3, 7
Let l(m) = m**3 - 6*m**2 + 2*m + 4. Let c be l(6). Let g(q) = q**3 + q - 6. Let j be g(0). Let h = c + j. What are the prime factors of h?
2, 5
List the prime factors of (-10)/(-35) - 166/(-7).
2, 3
Suppose 5*c - 10*c + 235 = 0. What are the prime factors of c?
47
Let j(n) = 9*n + 5 + 2*n + 6*n**2 - 7*n**2. Let v be 2/(-3) - (-64)/6. What are the prime factors of j(v)?
3, 5
Let a = 20 + -20. List the prime factors of -24*(1 + (a - 2)).
2, 3
Suppose -n - 5*c + 67 = 0, 5*n - 2*c - 220 = -4*c. List the prime factors of n.
2, 3, 7
Suppose 0 = -s - 0*s + i, -5*i + 32 = 3*s. Suppose 2*p = w - s, -2*w + 18 = -w + 5*p. Let r = w + 1. What are the prime factors of r?
3
Suppose 3*o - 5*o = -16. Suppose o = 2*l - 6. What are the prime factors of l?
7
Let v(k) = 2*k**2 + 2*k + 4. Let l be v(-3). Let q = l - 7. List the prime factors of q.
3
Let h = -4 - -13. Let w = h - -1. List the prime factors of w.
2, 5
Let o be (-1)/6 + (-65)/(-30). Suppose o*h + 2*z = -2*z + 6, 90 = 5*h - 5*z. What are the prime factors of h?
13
Let q = 4 - 1. Suppose -36 = -q*n - 4*x + 2*x, -3*n + 2*x = -48. What are the prime factors of n?
2, 7
Let w = -5 - -8. What are the prime factors of w/21 - (-244)/7?
5, 7
Let t(r) = -r**3 + 10*r**2 - 12*r + 1. Let a be t(9). Let o(s) = 4*s**3 + 3*s - 1. Let b be o(2). Let q = b + a. List the prime factors of q.
11
What are the prime factors of ((-201)/6)/((-7)/14)?
67
Let y = -3 - -4. What are the prime factors of 4 - y - 1*-5?
2
Suppose -o + 14 = 5*b, -2*o - 2*o = 4. Suppose -b*i - i = 56. Let d = -8 - i. List the prime factors of d.
2, 3
Let w(m) = -m**3 - 13*m**2 - 12*m + 5. Let k be w(-12). Suppose 0 = -2*n - 4*o - 0*o + 34, 3*n + k*o - 48 = 0. List the prime factors of n.
11
Let z be (0 - 1) + 30 + -1. Let v(u) = -u**3 + 11*u**2 + 2. Let n be v(11). Suppose n*i = -2*i + z. What are the prime factors of i?
7
Suppose -4*s + 18 = 5*h, -5*h = -5*s + 2 - 47. Let q = 37 - 22. Suppose z - q - h = 0. What are the prime factors of z?
3, 7
Let a = -3 + 11. Let h(s) = s**3 + 8*s**2 + 9*s - 2. Let f be h(-6). Suppose 3*i - f = a. List the prime factors of i.
2
Let b(s) = s**2 - 4*s - 1. Let d(f) = -2*f**2 - 5*f + 6. Let k(l) = -l**2 + l - 1. Let z(p) = -d(p) - 5*k(p). Let w be z(1). What are the prime factors of b(w)?
11
Suppose 51 = 4*g + 7. List the prime factors of g*(6/3 - 1).
11
Let z(x) = x**2 - 6*x - 6. Let g be z(6). Let u = 3 - g. List the prime factors of u.
3
Let s(x) = -2*x - 10. Let i be s(-11). What are the prime factors of (-102)/8*(-32)/i?
2, 17
Suppose 6 = -3*p - 3, -337 = -4*b + 3*p. List the prime factors of b.
2, 41
Suppose -50 = -t - 5*f, 4*t + 0*f - 234 = -3*f. List the prime factors of t.
2, 3, 5
Let i = 15 + 7. What are the prime factors of i?
2, 11
Let u = 26 + -15. List the prime factors of u.
11
Suppose 4*l - b = 67, -6*b + 25 = -b. Let g = 46 - l. What are the prime factors of g?
2, 7
Suppose 0*b - 51 = b. List the prime factors of -1 + b/(-3) + -3.
13
Let v = -17 + 27. Suppose 2*u - v = 4*h, -2*h = 3*u - 11 - 4. List the prime factors of u.
5
Suppose -c + 70 = 2*f + 3*f, 2*c = 3*f - 29. Let a = f + -8. What are the prime factors of a?
5
Let u = -8 - -20. List the prime factors of u.
2, 3
Suppose -16 = -3*u + 2*u. List the prime factors of u.
2
Let q(t) = -t**2. Let w(r) = -r**2 - 11*r + 12. Let m be w(-12). Let v be q(m). What are the prime factors of (-2)/(v - 6/9)?
3
Let h be 87/(-2)*12/(-9). List the prime factors of h/8 - 6/(-8).
2
Let r be (-323)/(-13) - (-2)/13. Suppose -2*f - 5*o = -r, 3*o + 10 = f + 3. List the prime factors of f.
2, 5
Suppose 0 = -2*u + 3*u - 2. Suppose -u*i = 5*z - 4*i - 171, -3*z - 2*i = -109. List the prime factors of z.
5, 7
Let o be ((-4)/3)/((-1)/(-6)). Let r = o - 5. What are the prime factors of 2*(-1 + r/(-2))?
11
Suppose -r + 3*o + 0*o = -68, -2*r = 2*o - 104. List the prime factors of r.
2,